ue
Is (-202)/(-909)*((-768519)/(-6) - 3) prime?
True
Let c be (-10)/(-3) - (-41)/(-123). Suppose 0 = c*m - 3*u + 2*u - 8358, 2*u = -3*m + 8367. Is m prime?
False
Let p(y) be the third derivative of -7*y**4/4 + 17*y**3/6 + 12*y**2. Let o(a) = -21*a + 8. Let v(h) = 7*o(h) - 3*p(h). Is v(-4) prime?
True
Suppose 37*p = 11436951 + 3030752. Is p a prime number?
True
Suppose b = -b - 5*z + 24231, -5*b + 2*z + 60505 = 0. Let q = b + -7629. Is q a composite number?
True
Let g(r) = r**2 + 12*r - 30. Suppose 3*t + 56 = -t. Let q be g(t). Is (11/q)/(1 - (-59)/(-58)) prime?
False
Let g(j) = 644*j**2 - 142*j + 15. Is g(-6) a prime number?
False
Let i be 60/18*(-9)/(-6). Let c(n) = 133*n - 6. Is c(i) a prime number?
True
Let v(w) = w**2 - 2*w - 4. Let h be v(3). Let c(a) = -2862*a - 29. Is c(h) a prime number?
True
Suppose -10*m + 143 = 33. Let o(b) = 316*b + 8 + 16 - m + 18. Is o(3) composite?
True
Let p = 69 + -70. Let b be p/(0 + (-2)/30). Let a = 130 + b. Is a a prime number?
False
Let u = -985340 - -1452523. Is u prime?
True
Suppose 0 = -2*u + 154 - 146. Is (3086 - (2 - u)) + (-2 - -5) prime?
False
Let h(s) = -s**3 + s. Let x(z) = 2*z**3 - 10*z**2 + 16*z - 8. Let v(k) = h(k) + x(k). Let l be v(8). Is (l - -3)*(-979)/(-3) composite?
True
Let c(r) = r**3 + 5*r**2 - 23*r - 5. Let q be c(10). Let k = 4197 + q. Let w = k - 3639. Is w a prime number?
True
Is ((15/(-14))/5 - 116/406)*-298934 a prime number?
False
Let f be (-4 - -1)/((-32)/28000). Let b = 4612 - f. Is b a composite number?
False
Suppose 13*r - 220210 - 34904 = -5*r. Is r a prime number?
True
Let l = 41 + -38. Suppose -q - q - 8392 = -2*z, 2*z + l*q = 8392. Is (z/6)/((-8)/(-12)) a composite number?
False
Let b(d) = -d**3 - 2*d**2 + 2*d - 3. Let x be b(-3). Suppose x*i = -11*i + 9438. Suppose i + 1037 = 5*w. Is w a composite number?
False
Suppose v + 2*b + 0*b - 15376 = 0, 0 = 4*b - 8. Let z = v + -9329. Is z prime?
True
Let k(i) = -91*i**3 + 15*i**2 + 2*i + 3. Let r be k(-2). Let z(p) = 8*p**3 - 2*p**2 - 9*p + 6. Let s be z(6). Let g = s - r. Is g a prime number?
True
Let y be 82822/(-17) - (-3 - 212/(-68)). Is (-10)/(-65) + (y/(-26))/4 a composite number?
False
Suppose -40*g + 36*g + 67874 = 2*s, 5*s + 33967 = 2*g. Is g composite?
True
Let m(n) = 597*n**2 - 6*n - 4. Let q = 293 + -298. Is m(q) composite?
False
Let m(y) = 15*y + 13. Let n(x) = 7*x + 6. Let o(j) = 6*m(j) - 13*n(j). Let k(l) = -62*l - 2. Let s(b) = -k(b) + 5*o(b). Is s(1) composite?
False
Is -2 + (-2 - -4) - (-21 - 106570) composite?
False
Let u(z) be the first derivative of 32*z**4 - 4*z**3/3 - 6*z**2 + 11*z - 33. Is u(6) a prime number?
False
Let s(w) be the second derivative of 3*w**5/20 - 5*w**4/6 + 20*w**3/3 - w**2/2 + 2*w - 6. Is s(6) composite?
True
Suppose -4*a = -6*f + 4*f - 60, -4*f = -a + 8. Suppose -130983 - 7561 = -a*g. Is g composite?
True
Let u = -52533 - -78422. Is u a prime number?
True
Suppose -3*s - 3*v + 3 = 0, v + 7 = -2*s + 3*s. Suppose -27917 = -s*u - a, -3*u + 11736 = 5*a - 9206. Is u a composite number?
True
Suppose -11*f + 5045350 = -5*f + 44*f. Is f composite?
False
Let u = -1574 - -22785. Is u a prime number?
True
Suppose 2*b + 3*f = 21, -6*f + 26 = 2*b - 2*f. Suppose b*v + 616 = 163. Let m = v + 218. Is m prime?
True
Suppose -3*n + 4*j + 803127 = 0, -207359 = 3*n + 2*j - 1010504. Is n composite?
False
Let q(j) = -45*j**3 - 35*j**2 - 60*j + 39. Is q(-17) a composite number?
False
Let g(o) = 3*o**3 + 6*o + 94223. Is g(0) prime?
False
Suppose 3*g = 2*u + 10423, g = -g + 3*u + 6942. Suppose 5*o - g = 4138. Is o composite?
False
Suppose -5*w + 56778 = k, 28*w = 32*w - 4*k - 45432. Let m = w + -3555. Is m a prime number?
False
Is ((-6302)/(-2) - (-9 + 15 + -4)) + 2 prime?
False
Let b(p) = 886*p - 241. Is b(12) composite?
False
Suppose 4*s = 5*d - 21, 2*d + 5*s - 25 = -2*d. Suppose 6*u - u - 41345 = d*n, 2*u - 16538 = 4*n. Is u composite?
False
Suppose -204*l = -298*l + 9433558. Is l composite?
False
Let t = 508 + -508. Suppose t = 4*x - 3 - 1, -4*x + 56696 = 4*r. Is r prime?
True
Let v(z) be the first derivative of -267*z**4/4 - 2*z**3/3 + z**2 + 3*z - 84. Is v(-2) prime?
False
Suppose -4*h + 59091 = 5*g, 0 = -3*g + 61*h - 59*h + 35459. Is g a prime number?
False
Let l(n) = n**3 + 13*n**2 + 14*n + 28. Let r be l(-12). Suppose 3*q + 46190 = r*v, 5*q - 2 = 8. Is v a composite number?
False
Let k be -2 - (3/(-6) - (-21)/(-14)). Suppose -c - 5 = -3*m + 3, k = -2*m - 2*c + 8. Suppose -7*s - 5*f + 2769 = -3*s, -688 = -s + m*f. Is s composite?
False
Suppose -7*t + 1926498 + 1546812 = 23*t. Is t a composite number?
False
Let v = 261938 - 178923. Is v composite?
True
Let l = 3788 + -2425. Let o be 1 - -1 - 0/(1 - -1 - -1). Suppose 3*b - 7*b = -3*x + l, -o*b - 906 = -2*x. Is x composite?
False
Let f = 199243 + -80582. Is f prime?
True
Is (8 + 11/(-2))/(15/1414572) a prime number?
False
Let s(l) = -13*l - 2. Let b(i) be the first derivative of i**3/3 - 7*i**2/2 + 3*i - 6. Let c be b(5). Is s(c) a prime number?
True
Suppose 0 = -10*r + 9*r - 2*s + 703639, 6*s = -6. Is r a prime number?
False
Let r(a) = 517*a**3 - 16*a**2 - 54*a - 70. Is r(9) a composite number?
True
Suppose p = -1, 2 + 78 = -4*v + 4*p. Let y be (2/(-3))/(35/v + 2). Is y*2/((-2224)/(-557) - 4) a prime number?
True
Suppose 0 = -1724*u + 1715*u + 3984831. Is u composite?
True
Suppose 6*j - 317444 = 640336. Let d be j/27 - 6/27. Suppose -r + 5*r = -4*g + d, -3*r = 5*g - 7380. Is g a composite number?
True
Is 8*1585346/28 - -11 composite?
True
Let s be (-2)/(((-35)/(-2785))/(-7)). Suppose s = j - 2871. Is j a composite number?
True
Let l(w) = w**3 - 4*w**2 + w. Let c be l(4). Let n(b) = b**2 + 5*b + 9. Let j be n(-13). Suppose j = 3*r + c*h, -r + 31 = -2*h - 0*h. Is r prime?
False
Let z(h) = h**3 - 5*h**2 - 6*h - 15. Let u(j) = 2*j**3 - 10*j**2 - 13*j - 33. Let a(m) = 2*u(m) - 5*z(m). Suppose 3*l + 19 - 4 = 0. Is a(l) prime?
True
Let v(k) = 23*k**2 + 3*k + 205. Suppose 0 = -5*t + q - 11 - 80, -2*q = -2. Is v(t) a prime number?
True
Let b be 268/22 - (-6)/(-33). Let q = 8 - b. Let p = q + 227. Is p a composite number?
False
Let t = 818523 - 495016. Is t composite?
False
Let y(s) be the first derivative of -s**2/2 - 43*s + 9. Let v be y(-16). Let q = 8 - v. Is q a prime number?
False
Let n be (-1)/(1 + -1 - 4/20). Is 198*5 + 5 - (-1 + n) composite?
False
Let c(n) = n**3 - 2*n**2 - 5*n + 23. Let f be c(3). Suppose -f*q = -22*q + 42215. Is q composite?
False
Let r(h) = -626*h - 93. Let y be r(-9). Suppose -73*s + 76*s = y. Is s a prime number?
True
Let g be (-1)/(-1) + 3 + 2. Let q = -191 + 250. Suppose q = h + g. Is h composite?
False
Let o be (-15)/20*82*(-112)/(-3). Let t be (21/15 - 1) + o/(-10). Let q = 417 - t. Is q a prime number?
False
Let x(n) = -162149*n - 4220. Is x(-3) composite?
False
Let h = 73203 - 42170. Is h composite?
False
Suppose -20731 = 3*u - 66898. Let v = 21654 - u. Suppose v = -3*l + 8*l. Is l a composite number?
True
Suppose 5*s + 34 = 4*l, 5*l + 0*s - 28 = -s. Let r(i) be the first derivative of 3*i**4/2 - i**3 - 7*i**2 - 3*i + 84. Is r(l) a composite number?
True
Is (2026/3)/((-140)/(-132510)) a prime number?
False
Let s = -11 + 19. Suppose 42 = s*k + 10. Suppose 0 = -2*u + 1 + 7, k*u = -2*r + 5486. Is r composite?
True
Let m be (4 - 34/8) + 377/4. Let q = m - 91. Suppose 6*d - q*d = 1011. Is d a composite number?
False
Is ((-241189)/(-52))/((-19)/(-152)) a prime number?
False
Let t(f) = -2*f - 6. Let y be t(-5). Suppose -4*a = 3*l - 209, -l - 137 = -y*a + 92. Is 18520/a - 4/(-14) prime?
True
Let b(l) = 5*l - 6. Let r be b(3). Suppose r*n + 173 - 56 = 0. Let c = 532 + n. Is c composite?
True
Let b(u) = 73*u - 205. Let l(h) = -73*h + 203. Let t(n) = 6*b(n) + 7*l(n). Is t(-36) a composite number?
False
Let n = 178 - 122. Let u be (-4)/(n/2) + 110/35. Suppose -5*b - 70 = -u*s, -4*s - 13*b = -8*b - 105. Is s prime?
False
Let o(m) = 963*m + 4573. Is o(12) composite?
True
Let m(r) = -2*r**2 + 2*r + 13. Let i be m(6). Let g = 43 + i. Is (-216 - 2)/(1/(g/8)) composite?
False
Suppose 0 = -107*l + 9099844 + 3048829. Is l prime?
True
Let i = 921 - 286. Let s = 6096 - i. Is s prime?
False
Is ((-2)/3*(-222)/(-370))/((-4)/7371110) a composite number?
False
Let t be 1*(0 + 6)/(-6). Is (54/72)/(0 + t/(-9644)) prime?
False
Suppose 1167139 = 6*r +